{"id":1175,"date":"2022-09-22T21:56:06","date_gmt":"2022-09-22T19:56:06","guid":{"rendered":"https:\/\/wbk-duisburg.de\/neue-homepage\/?page_id=1175"},"modified":"2025-07-23T06:26:24","modified_gmt":"2025-07-23T04:26:24","slug":"beratung","status":"publish","type":"page","link":"https:\/\/wbk-duisburg.de\/neue-homepage\/ueber_uns\/beratung\/","title":{"rendered":"Beratung"},"content":{"rendered":"<div id=\"pl-1175\"  class=\"panel-layout\" ><div id=\"pg-1175-0\"  class=\"panel-grid panel-no-style\" ><div id=\"pgc-1175-0-0\"  class=\"panel-grid-cell\" ><div id=\"panel-1175-0-0-0\" class=\"so-panel widget widget_sow-editor panel-first-child panel-last-child\" data-index=\"0\" ><div\n\t\t\t\n\t\t\tclass=\"so-widget-sow-editor so-widget-sow-editor-base\"\n\t\t\t\n\t\t>\n<div class=\"siteorigin-widget-tinymce textwidget\">\n\t<\/div>\n<\/div><\/div><\/div><\/div><div id=\"pg-1175-1\"  class=\"panel-grid panel-no-style\" ><div id=\"pgc-1175-1-0\"  class=\"panel-grid-cell\" ><div id=\"panel-1175-1-0-0\" class=\"so-panel widget widget_sow-editor panel-first-child panel-last-child\" data-index=\"1\" ><div\n\t\t\t\n\t\t\tclass=\"so-widget-sow-editor so-widget-sow-editor-base\"\n\t\t\t\n\t\t>\n<div class=\"siteorigin-widget-tinymce textwidget\">\n\t<p>Wir bieten an:<\/p>\n<ul>\n<li>Gespr\u00e4che und Beratung bei pers\u00f6nlichen Schul- und Lernschwierigkeiten<\/li>\n<li>Hilfen in privaten Konfliktsituationen<\/li>\n<li>Anregungen und Techniken der Stressbew\u00e4ltigung<\/li>\n<\/ul>\n<\/div>\n<\/div><\/div><\/div><\/div><div id=\"pg-1175-2\"  class=\"panel-grid panel-no-style\" ><div id=\"pgc-1175-2-0\"  class=\"panel-grid-cell panel-grid-cell-mobile-last\" ><div id=\"panel-1175-2-0-0\" class=\"so-panel widget widget_sow-editor panel-first-child panel-last-child\" data-index=\"2\" ><div\n\t\t\t\n\t\t\tclass=\"so-widget-sow-editor so-widget-sow-editor-base\"\n\t\t\t\n\t\t>\n<div class=\"siteorigin-widget-tinymce textwidget\">\n\t<figure><img loading=\"lazy\" decoding=\"async\" src=\"https:\/\/wbk-duisburg.de\/neue-homepage\/wp-content\/uploads\/2025\/07\/IMG_5356-709x1024.jpeg\" sizes=\"auto, (max-width: 709px) 100vw, 709px\" srcset=\"https:\/\/wbk-duisburg.de\/neue-homepage\/wp-content\/uploads\/2025\/07\/IMG_5356-709x1024.jpeg 709w, https:\/\/wbk-duisburg.de\/neue-homepage\/wp-content\/uploads\/2025\/07\/IMG_5356-208x300.jpeg 208w, https:\/\/wbk-duisburg.de\/neue-homepage\/wp-content\/uploads\/2025\/07\/IMG_5356-768x1109.jpeg 768w, https:\/\/wbk-duisburg.de\/neue-homepage\/wp-content\/uploads\/2025\/07\/IMG_5356-1063x1536.jpeg 1063w, https:\/\/wbk-duisburg.de\/neue-homepage\/wp-content\/uploads\/2025\/07\/IMG_5356-1418x2048.jpeg 1418w, https:\/\/wbk-duisburg.de\/neue-homepage\/wp-content\/uploads\/2025\/07\/IMG_5356-scaled.jpeg 1772w\" alt=\"\" width=\"709\" height=\"1024\" \/><figcaption>Tina Briem: briem@wbk-duisburg.de<\/figcaption><\/figure>\n<\/div>\n<\/div><\/div><\/div><div id=\"pgc-1175-2-1\"  class=\"panel-grid-cell panel-grid-cell-empty\" ><\/div><\/div><div id=\"pg-1175-3\"  class=\"panel-grid panel-no-style\" ><div id=\"pgc-1175-3-0\"  class=\"panel-grid-cell\" ><div id=\"panel-1175-3-0-0\" class=\"so-panel widget widget_sow-editor panel-first-child panel-last-child\" data-index=\"3\" ><div\n\t\t\t\n\t\t\tclass=\"so-widget-sow-editor so-widget-sow-editor-base\"\n\t\t\t\n\t\t>\n<div class=\"siteorigin-widget-tinymce textwidget\">\n\t<p><strong>Wir verstehen Beratung als Entscheidungshilfe in aktuellen Lebenssituationen.<\/strong><\/p>\n<p><strong>Die Schweigepflicht ist f\u00fcr alle Beteiligten selbstverst\u00e4ndlich.<\/strong><\/p>\n<\/div>\n<\/div><\/div><\/div><\/div><div id=\"pg-1175-4\"  class=\"panel-grid panel-no-style\" ><div id=\"pgc-1175-4-0\"  class=\"panel-grid-cell panel-grid-cell-mobile-last\" ><div id=\"panel-1175-4-0-0\" class=\"so-panel widget widget_sow-editor panel-first-child panel-last-child\" data-index=\"4\" ><div\n\t\t\t\n\t\t\tclass=\"so-widget-sow-editor so-widget-sow-editor-base\"\n\t\t\t\n\t\t>\n<div class=\"siteorigin-widget-tinymce textwidget\">\n\t<figure><img loading=\"lazy\" decoding=\"async\" src=\"https:\/\/wbk-duisburg.de\/neue-homepage\/wp-content\/uploads\/2025\/07\/IMG_5353-699x1024.jpeg\" sizes=\"auto, (max-width: 699px) 100vw, 699px\" srcset=\"https:\/\/wbk-duisburg.de\/neue-homepage\/wp-content\/uploads\/2025\/07\/IMG_5353-699x1024.jpeg 699w, https:\/\/wbk-duisburg.de\/neue-homepage\/wp-content\/uploads\/2025\/07\/IMG_5353-205x300.jpeg 205w, https:\/\/wbk-duisburg.de\/neue-homepage\/wp-content\/uploads\/2025\/07\/IMG_5353-768x1125.jpeg 768w, https:\/\/wbk-duisburg.de\/neue-homepage\/wp-content\/uploads\/2025\/07\/IMG_5353-1048x1536.jpeg 1048w, https:\/\/wbk-duisburg.de\/neue-homepage\/wp-content\/uploads\/2025\/07\/IMG_5353-1398x2048.jpeg 1398w, https:\/\/wbk-duisburg.de\/neue-homepage\/wp-content\/uploads\/2025\/07\/IMG_5353-scaled.jpeg 1747w\" alt=\"\" width=\"699\" height=\"1024\" \/><figcaption>Lena Moser: moser@wbk-duisburg.de<\/figcaption><\/figure>\n<p>&nbsp;<\/p>\n<\/div>\n<\/div><\/div><\/div><div id=\"pgc-1175-4-1\"  class=\"panel-grid-cell panel-grid-cell-empty\" ><\/div><\/div><div id=\"pg-1175-5\"  class=\"panel-grid panel-no-style\" ><div id=\"pgc-1175-5-0\"  class=\"panel-grid-cell\" ><div id=\"panel-1175-5-0-0\" class=\"so-panel widget widget_sow-editor panel-first-child panel-last-child\" data-index=\"5\" ><div\n\t\t\t\n\t\t\tclass=\"so-widget-sow-editor so-widget-sow-editor-base\"\n\t\t\t\n\t\t>\n<div class=\"siteorigin-widget-tinymce textwidget\">\n\t<h3>Wir sind erreichbar, zur Zeit nach Vereinbarung in Raum - W176<\/h3>\n<\/div>\n<\/div><\/div><\/div><\/div><\/div>","protected":false},"excerpt":{"rendered":"<p>Wir bieten an: Gespr\u00e4che und Beratung bei pers\u00f6nlichen Schul- und Lernschwierigkeiten Hilfen in privaten Konfliktsituationen Anregungen und Techniken der Stressbew\u00e4ltigung<\/p>\n","protected":false},"author":1,"featured_media":0,"parent":64,"menu_order":0,"comment_status":"closed","ping_status":"closed","template":"","meta":{"footnotes":""},"class_list":["post-1175","page","type-page","status-publish","hentry","post"],"_links":{"self":[{"href":"https:\/\/wbk-duisburg.de\/neue-homepage\/wp-json\/wp\/v2\/pages\/1175","targetHints":{"allow":["GET"]}}],"collection":[{"href":"https:\/\/wbk-duisburg.de\/neue-homepage\/wp-json\/wp\/v2\/pages"}],"about":[{"href":"https:\/\/wbk-duisburg.de\/neue-homepage\/wp-json\/wp\/v2\/types\/page"}],"author":[{"embeddable":true,"href":"https:\/\/wbk-duisburg.de\/neue-homepage\/wp-json\/wp\/v2\/users\/1"}],"replies":[{"embeddable":true,"href":"https:\/\/wbk-duisburg.de\/neue-homepage\/wp-json\/wp\/v2\/comments?post=1175"}],"version-history":[{"count":25,"href":"https:\/\/wbk-duisburg.de\/neue-homepage\/wp-json\/wp\/v2\/pages\/1175\/revisions"}],"predecessor-version":[{"id":5173,"href":"https:\/\/wbk-duisburg.de\/neue-homepage\/wp-json\/wp\/v2\/pages\/1175\/revisions\/5173"}],"up":[{"embeddable":true,"href":"https:\/\/wbk-duisburg.de\/neue-homepage\/wp-json\/wp\/v2\/pages\/64"}],"wp:attachment":[{"href":"https:\/\/wbk-duisburg.de\/neue-homepage\/wp-json\/wp\/v2\/media?parent=1175"}],"curies":[{"name":"wp","href":"https:\/\/api.w.org\/{rel}","templated":true}]}}